. Calculate the greatest common divisor of 35 and u.
7
Suppose -2*p + 40 = -4*o, -6*o + 2*o - 60 = -4*p. Suppose -5*l - 80 = -10*l + 4*f, 2*f + 50 = 3*l. Calculate the greatest common factor of p and l.
10
Let l(v) = v**3 + 7*v**2 - 3*v + 9. Let j be l(-7). Let k be -2 - -83 - 3 - 3. What is the highest common factor of j and k?
15
Let l be 15/(-12)*10/2*-4. Calculate the highest common factor of l and 25.
25
Suppose -4*h + h = -2490. Suppose 0 = -4*u + 2*d + h, -152 = -3*u + d + 472. Calculate the greatest common factor of u and 19.
19
Suppose 0 = 5*c - l - 495, 3*c + 0*c - 285 = 3*l. Suppose 5*k - 155 = c. What is the highest common divisor of k and 34?
17
Let i be 2/(-4)*2*-13. Let j(u) = -17*u + 7. Let k be j(-8). Calculate the greatest common factor of k and i.
13
Let y(h) = -2*h**2 - 1. Let b be -2 + 0 + (-1 - -2). Let l be y(b). Let g be (l/(-2))/((-4)/(-24)). What is the highest common divisor of 36 and g?
9
Suppose 0 = 2*i - 9 + 3. Suppose i*y - 5*x = 38, y + 2*x - 16 = -7. Let m = y + -6. Calculate the highest common divisor of 5 and m.
5
Let s(a) = -a**3 - 7*a**2 - 9*a + 5. Let t be s(-6). Calculate the greatest common factor of t and 184.
23
Let t be (-4)/6*(1 - -2). Let n = t - -5. Let z(v) = 2*v**3 - v**2 - v. Let b be z(n). What is the highest common factor of b and 6?
6
Let q(b) = -22*b**2 + 3*b + 6. Let r(v) = 21*v**2 - 2*v - 5. Let g(j) = 3*q(j) + 4*r(j). Let o be g(2). What is the greatest common divisor of o and 8?
8
Let g(p) = -p**3 + p**2 + 10*p - 3. Let u(x) = -x**3 + 11*x - 4. Let d(v) = 4*g(v) - 3*u(v). Let y be d(5). Calculate the greatest common divisor of 20 and y.
10
Suppose 0 = -12*v + 11*v + 30. Calculate the greatest common factor of v and 330.
30
Suppose 9*w = 4*w + 70. What is the greatest common factor of 56 and w?
14
Suppose -33 - 9 = -3*b. Suppose -15 = -3*r, 5*r = 3*y + 3*r - 284. Calculate the greatest common divisor of b and y.
14
Suppose 7*h = -3*h + 140. What is the highest common factor of 42 and h?
14
Let l be ((-3)/9)/(2/(-54)). Let x be (3 - l)/(12/(-8)). What is the highest common factor of x and 10?
2
Let b be (-10*(-1)/(-2))/(-1). What is the highest common factor of 40 and b?
5
Let o(c) = c**2 + c. Let p be o(-3). Suppose -3*b + p*b = 30. What is the highest common factor of 100 and b?
10
Let r(n) = -3*n - 4. Let s be r(-9). Calculate the greatest common factor of 253 and s.
23
Let u be (-3 + 2)/((-1)/3). Suppose -4*q + 15 = q - r, -5*q - 3*r + 15 = 0. Calculate the greatest common factor of q and u.
3
Suppose -10 = 3*h - 5*h. What is the greatest common divisor of h and 1?
1
Suppose -8*n = -10*n + 6, 0 = -4*s + n + 85. What is the highest common divisor of 110 and s?
22
Suppose 5*w - 12 = -f - 3, 25 = 5*f + 5*w. Calculate the highest common divisor of f and 6.
2
Suppose n = -25 + 51. What is the greatest common divisor of n and 104?
26
Suppose -34 = -3*i + i + 2*t, 4*t = -5*i + 49. Let r be (-158)/(-22) + 4/(-22). Let v = i - r. What is the highest common divisor of v and 3?
3
Let t(w) = 12*w - 4. Let c be t(17). What is the greatest common divisor of 40 and c?
40
Suppose -6*g = -2*g - 704. Let f = 15 - 25. Let x be (44/f)/(1/(-5)). Calculate the highest common factor of g and x.
22
Let v(i) = i + 3. Let l be v(6). Let s(f) = -f**2 + 11*f + 2. Let z be s(l). Calculate the greatest common divisor of 200 and z.
20
Let u be (-24)/(-42)*(-14)/(-4). Calculate the greatest common divisor of u and 10.
2
Suppose 287*i - 288*i + 78 = 0. What is the highest common divisor of i and 195?
39
Let m(v) = -v + 7. Let j be m(5). Suppose j*g - 8 = -2*o, 6*o - 4*o - 5*g - 8 = 0. What is the highest common divisor of o and 32?
4
Suppose 3*z - 83 = -4*b + 13, 0 = b - 2*z - 24. Suppose -j + 40 = 2*o, 2*j - 3*o = j + 30. What is the highest common divisor of b and j?
12
Let r(h) = h**3 - 8*h**2 - 8*h + 5. Let p be r(9). Calculate the highest common divisor of p and 112.
14
Suppose -16 = -5*r + 3*r. What is the highest common divisor of 96 and r?
8
Suppose g - 2*i + 7 = 0, 7*g - 21 = 2*g - 4*i. Calculate the greatest common factor of 11 and g.
1
Let y be ((-3)/9)/(4/(-72)). What is the highest common factor of y and 42?
6
Let d = -6 + 16. Calculate the highest common divisor of 20 and d.
10
Let m = -102 + 277. What is the highest common factor of m and 25?
25
Let d = -15 - -53. Let u = -14 + d. Suppose 2*p = -2*p + u. What is the highest common divisor of p and 12?
6
Suppose -3*g - 10 = -4*g. Let c = g + -6. What is the highest common divisor of c and 28?
4
Let o be 594/15 - 2/(-5). Calculate the highest common divisor of o and 8.
8
Let w(r) = -r + 17. Let d be w(5). Calculate the highest common divisor of 8 and d.
4
Let c be (2 - (-2 + 2)) + 43. Suppose -y = -l - c, -33 - 21 = -y - 2*l. Calculate the greatest common divisor of y and 12.
12
Let k = -18 + 46. Suppose 0 = 2*a - k + 4. Calculate the greatest common factor of 4 and a.
4
Let d(m) = -m**2 - 18*m - 10. Let o be d(-15). Calculate the highest common factor of 7 and o.
7
Let k = -2 - -7. Let z(t) = -t + 11. Let c be z(k). Calculate the highest common divisor of c and 30.
6
Let i(q) = -q**2 - q + 6. Let t be i(-3). Suppose 0 = o - t*o - 32. What is the greatest common divisor of o and 80?
16
Suppose 11*o = -0*o + 154. What is the greatest common factor of 154 and o?
14
Let q = -17 - -29. Suppose -15*c + 16*c - q = 0. Calculate the greatest common factor of 96 and c.
12
Let k be (1 - -1)*3/2. Suppose 3*o - 4 = -k*c + 20, -2*c = 5*o - 46. Let b be 8/(-44) + 92/22. Calculate the highest common divisor of o and b.
2
Suppose 2*x + 1 = -2*m + 5, 3*m - 10 = -5*x. Let b = 14 - 6. What is the highest common divisor of x and b?
2
Let f = -7 - -9. Suppose -14 = -5*m + 6. Suppose 0 = m*a - f*a - 12. Calculate the greatest common factor of a and 6.
6
Let x be 73 + (3/3 - 2). Let d = x + 5. What is the highest common factor of 11 and d?
11
Let w be (5/(-3))/((-6)/414). Suppose 0 = 3*b - m - w, 4*b - 4*m - 169 + 13 = 0. Calculate the greatest common factor of b and 19.
19
Suppose 5*v = 51 - 1. What is the greatest common factor of v and 110?
10
Let j(w) = -3*w + 45. Let u be j(11). What is the greatest common factor of u and 192?
12
Suppose -4*z - 5*c = -65, 5*z + 3*c = -4 + 69. Let w = -119 + 208. Let i be (-1 - 1) + 3 + w. Calculate the highest common factor of z and i.
10
Let z(i) = i + 6. Let c be z(6). Calculate the greatest common divisor of c and 18.
6
Suppose -n + 44 = 3*n. Let y(t) = 0 - 14*t**2 - 13*t + 1 + 0*t**2 - t**3 + 0*t**3. Let p be y(-13). What is the greatest common divisor of n and p?
1
Let n(v) = v. Let u be n(17). Calculate the greatest common divisor of u and 68.
17
Let x(t) = -4*t - 15. Let y be x(-4). Calculate the highest common factor of 8 and y.
1
Let f = 19 - 4. Let i = f + -3. Suppose -n + 150 = 4*n. Calculate the greatest common divisor of i and n.
6
Let x(n) = -45*n - 15. Let u be x(-4). Calculate the highest common factor of u and 66.
33
Let c = -88 + 160. Suppose 5*u + 9 = 4*u. Let n = u - -17. Calculate the highest common divisor of n and c.
8
Let z = 55 - 35. Calculate the highest common factor of 20 and z.
20
Let q = -72 - -192. Suppose o = -2*n + 22, 7*n - 4*n + 99 = 4*o. What is the highest common factor of q and o?
24
Let j = 419 - 356. Let v(i) = i**2 - 6*i - 9. Let l be v(8). What is the highest common divisor of j and l?
7
Let q = -23 - -41. What is the highest common divisor of 6 and q?
6
Let g = -55 + 74. Calculate the highest common divisor of g and 152.
19
Let k(r) = 25*r - 1. Let x(l) = l. Let b(s) = -k(s) - x(s). Let d be b(-1). Calculate the greatest common factor of 3 and d.
3
Suppose -p + 5*i = -2*p + 21, 3*i + 61 = 4*p. Calculate the highest common factor of 40 and p.
8
Suppose -4*u - 91 = -5*u. Let f(g) = -19*g. Let z be f(2). Let r = -25 - z. What is the greatest common divisor of r and u?
13
Let y = -92 + 44. Let w be (2/(-4))/((-3)/y). Let b = -3 - w. What is the highest common divisor of b and 5?
5
Suppose -3*l + 9 = 3. Suppose 16 = -0*k + l*k. What is the highest common factor of k and 12?
4
Let m be 4/5*(-10)/(-4). Suppose 4*d + m*a - 312 = 0, 0*d - 2*d + 2*a + 150 = 0. Calculate the greatest common divisor of 11 and d.
11
Let n(k) = k**2 - 11*k - 1. Let d be n(11). Let t be 78/(5 - 3) - d. Calculate the greates